 i + 4*r = -21 - 25, -i - r = 43. Let g = 16 + -10. What is the remainder when (-12)/(-18)*(0 - i) is divided by g?
4
Let b(c) = c**3 - 4*c**2 - 31*c + 12. Calculate the remainder when 248 is divided by b(8).
8
Let l = -13753 + 13784. What is the remainder when l is divided by 30?
1
Let h(n) = 19*n - 417. What is the remainder when h(34) is divided by 29?
26
Suppose -r = 5*v - 22, -9*v = -12*v - 4*r + 3. Let y(d) = 6 - d - 5 - 2 + 4 - 2*d**2. What is the remainder when v is divided by y(0)?
2
Let k(f) = -2*f**3 - 5*f**2 + 5*f - 9. Let p(n) = n**3 - 5*n**2 - 5*n + 21. Let m be p(5). What is the remainder when k(m) is divided by 8 - (3 + 0)*-1?
8
Let u = 6891 + -4582. Calculate the remainder when u is divided by 89.
84
Suppose 6*x - p - 5010 = 0, x - 835 = p + p. What is the remainder when x is divided by 19?
18
Let u(m) = m**3 + 7*m**2 + 3*m - 12. Suppose 83 = 3*i - 4*n, -5*i - 13*n + 10*n = -177. What is the remainder when i is divided by u(-6)?
3
Let a = 67 + -43. Suppose 5*j - a = 1. Suppose 0 = 3*s + 3*f - 168, 4*s - j*f - 96 = 164. What is the remainder when s is divided by 31?
29
Let t be (10/6)/((-6)/(-18)). Suppose 0 = -t*v - 3*z - 181, -1 = 3*v - z + 116. Let i = -19 - v. Calculate the remainder when 54 is divided by i.
16
Let p(o) = 50*o**2 + 283*o + 1429. What is the remainder when p(-5) is divided by 16?
0
Let d(y) = -y**2 + 20*y + 3. Let j be d(20). Suppose 0 = 7*h - 144 - j. What is the remainder when 500 is divided by h?
17
Let a = 2469 - 2329. Calculate the remainder when a is divided by 44.
8
Let v = 204 - 83. Let o = -93 + v. Suppose 0*p = 2*p - 222. Calculate the remainder when p is divided by o.
27
Let g = 89 - 59. Let q = -1168 - -1177. What is the remainder when g is divided by q?
3
Let c be ((-22)/(-4) - 5)*8. Calculate the remainder when ((-63)/6)/(c/64*-6) is divided by 7.
0
What is the remainder when 1448 is divided by ((-145)/(-2))/1*(648/135)/6?
56
Let u = 3156 + -2789. What is the remainder when u is divided by 225?
142
Suppose 2*n + 5*z - 375 = 0, -188 = -32*n + 31*n - 3*z. What is the remainder when n is divided by 36?
5
Let g be 12/10*60/(-18). Calculate the remainder when 71 is divided by (37 + -73)*2/g.
17
Suppose -c = 3*k + 292, 0 = 2*c - 3*k + 392 + 201. Let n = c + 345. What is the remainder when n is divided by 14?
8
Let t(s) = -12*s - 214. Let z be t(-18). Suppose 0 = -4*r + z*r + 3*j + 841, 4*j + 1672 = 4*r. What is the remainder when r is divided by 69?
68
What is the remainder when 2056 is divided by ((-248)/6)/((-11730)/26928 - (-3)/8)?
10
Let g(h) = 6*h - 24. Let z be g(6). Let t(l) = l**3 - 11*l**2 - 10*l - 1. Let o = 109 - 64. Calculate the remainder when o is divided by t(z).
22
What is the remainder when 736 + 17 + (-24 - -18) is divided by 25?
22
Let c(p) = p**2 + 5*p - 21. Let s be c(3). Suppose -4*g - 41 = -x - 12, 69 = s*x - 3*g. Calculate the remainder when 544 is divided by x.
19
Let y(o) = 53*o + 275. Calculate the remainder when 259 is divided by y(-5).
9
Let j = 39 - -119. Let y = -96 + j. Calculate the remainder when 234 is divided by y.
48
Let k(y) = -y**3 - 11*y**2 - 14*y - 27. Suppose 50 = -2*g - 3*g. Calculate the remainder when 23 is divided by k(g).
10
Let f = 6866 - 6766. Calculate the remainder when f is divided by 12.
4
Suppose -4*v = -7*f + 5*f + 18, 0 = -4*v - 5*f - 39. Let l(j) = -10*j - 19. What is the remainder when l(v) is divided by (-2)/(-4) - (-29)/2?
11
Let w = 2199 - 459. What is the remainder when w is divided by 159?
150
Let x = 7 - -10. What is the remainder when 224/784 + (-624)/(-21) is divided by x?
13
Suppose -10 = -2*o + 2*n, -3*o + 2*n + 14 + 0 = 0. Suppose -72 = -o*h + 8. Calculate the remainder when 98 - (-1)/(-5)*5 is divided by h.
17
Let f(q) be the third derivative of q**4/24 + 9*q**3/2 - 7*q**2. Let w be f(11). Let v = w + -24. Calculate the remainder when 55 is divided by v.
13
Suppose -y + 877 + 626 = 3*d, -3*y = -d + 491. Calculate the remainder when d is divided by 42.
38
Let v(d) = -17*d + 4. Let o be v(-1). Suppose -j = -o + 2. Calculate the remainder when (2 - -331)/3 - -1 is divided by j.
17
Suppose -24*v + 838 + 1226 = 0. What is the remainder when v is divided by 68?
18
Suppose t - 2*q - 13 = 0, -t - q + 31 = t. Let k = t + 19. Calculate the remainder when 69 + (-1)/(5/10) is divided by k.
33
Let g = 7606 - 7593. What is the remainder when 3051 is divided by g?
9
Let m(y) = -3*y**3 - 3*y**2 - 3. What is the remainder when (0 - -1 - -1)*(-7)/(35/(-1395)) is divided by m(-3)?
48
Let i(z) = -12*z + 18. Let n = 60 - 66. Suppose -2*y + 100 = -2*d, 4*d = 2*y - 4*y + 76. What is the remainder when i(n) is divided by y?
44
Let m = 25 + -15. Let p(z) = -14*z + 75. Let f be p(6). What is the remainder when (f/(-6))/(-7*(-3)/210) is divided by m?
5
Suppose 5*k + 55 = 155. Calculate the remainder when k is divided by ((-92)/(-253))/(1/11).
0
Suppose 190 + 6585 = 39*x - 167. Calculate the remainder when x is divided by 81.
16
Let q be 32/10 + 10*(-14)/(-175). Suppose 24*b - q*b = 660. What is the remainder when 164 is divided by b?
32
Suppose 3*j - 364 = -w - j, 2*j = -3*w + 1092. Suppose 15*b = -109 + w. Suppose -2 = 3*c - 41. What is the remainder when b is divided by c?
4
Let a be 13493/(-309)*-6*1. Suppose 0*f = 4*l - f, 3*l = -f + 7. Suppose -9*j - l = -a. Calculate the remainder when 55 is divided by j.
26
Let f(b) = b**2 - 31*b + 1. Let v be f(33). Let t = v + 16. What is the remainder when t is divided by 11?
6
Let d(m) = -17*m**3 + m**2 + 7*m + 12. Calculate the remainder when 157 is divided by d(-2).
19
Let i(h) = -3*h**2 - 30*h + 29. Calculate the remainder when 713 is divided by i(-6).
6
Suppose 0 = 7*g - 56 + 42. Suppose -4*n + g*b = -306, -3*n - b + 40 = -177. Calculate the remainder when n is divided by 19.
17
Calculate the remainder when 1/(2 + (-470)/95 - -3) is divided by ((-8)/(-2) - 3)/(2/32).
3
Let p(y) = -2*y**2 + 36*y + 41. Let a = -871 - -888. What is the remainder when p(a) is divided by 11?
9
Let v = 81 - 20. Let i = -11 + v. Suppose -3*o - g = -11 - 23, -5*g = 3*o - i. What is the remainder when 29 is divided by o?
9
Let h(y) = -4*y - 35. Let m be h(-10). Suppose -12*s = m*s - 6885. What is the remainder when s is divided by 14?
13
Let y = -7 - 1. Suppose 13*q - 114 = 9*q + 3*f, 2*q - 4*f - 52 = 0. Let l = q + y. Calculate the remainder when l is divided by 6.
4
Let t be 11 + (3 - (-3 + 1)). What is the remainder when 85 is divided by (-26)/t*-2*8?
7
Let q(t) = 3*t - 17. Suppose 0 = -5*f - 0 + 15, -h + 4*f + 21 = 0. Calculate the remainder when h is divided by q(10).
7
Suppose 277*h - 2508 = -15. Calculate the remainder when 638 is divided by h.
8
Suppose -k = -2*g - 42, g - 123 = -4*k - 0*g. Suppose 0 = -k*p + 37*p - 135. What is the remainder when 98 is divided by p?
17
Calculate the remainder when 319 is divided by (-75681)/(-891) + (-6)/(-99).
64
Let m(c) = -28*c - 69. Let v be m(-7). What is the remainder when 51 is divided by v/7 - 4*(-3)/(-84)?
15
Let h(f) = 8*f + 26. Let q be h(-3). Suppose -30*o + 672 = -q*o. What is the remainder when 189 is divided by o?
21
Let u(l) = l**3 - 7*l**2 + 73*l - 366. Calculate the remainder when 334 is divided by u(6).
10
Let x = -4801 + 4826. What is the remainder when (2/(-4))/(6/(-588)) is divided by x?
24
Let m be (-2)/((-8)/3) + (-153)/(-36). Suppose -4*w - 49 = -m*w - 2*s, 0 = -3*w - s + 162. What is the remainder when w is divided by 15?
10
Let p be (-14)/(-10) + -2 + (-498)/(-30). Let m(z) = -z**3 - 4*z**2 - 4*z - 6. Let g be m(-4). What is the remainder when 38 is divided by -5*(-1 - p/g)?
12
Let x = -2433 - -2913. Calculate the remainder when x is divided by 155.
15
What is the remainder when 418 is divided by (992/16)/(4/2)?
15
Suppose 0 = -h + 3*f - 6*f + 27, 2*f - 135 = -5*h. Suppose 4*d - 183 = -h. Let r = 587 + -393. Calculate the remainder when r is divided by d.
38
Suppose 18 = 10*z - 4*z. Suppose 3*c + 3*d - 59 = 4*d, -z*d = 5*c - 117. What is the remainder when 314 is divided by c?
20
Let l = -101 + 171. Let u = 201994 - 201973. Calculate the remainder when l is divided by u.
7
Let w(b) = -11*b**2 - 5*b - 53. Let k(f) = -31*f**2 - 14*f - 160. Let x(d) = -6*k(d) + 17*w(d). Calculate the remainder when 176 is divided by x(0).
58
Let q(b) = -324*b**3 - 7*b**2 - b - 325*